se 11, what is -2a + -2424?
-2453
In base 5, what is -40 - 3310220?
-3310310
In base 8, what is 6 - -1217?
1225
In base 8, what is -5 - -1507022?
1507015
In base 5, what is 41121421 + -1?
41121420
In base 12, what is -1 - 98bb?
-9900
In base 5, what is 3424303 + -4?
3424244
In base 13, what is 1 - 1734c?
-1734b
In base 15, what is -5e - -46d?
40e
In base 9, what is 1350 + 134?
1484
In base 12, what is -b8706 - 3?
-b8709
In base 2, what is -1100010 + 110?
-1011100
In base 6, what is 204 + -514500?
-514252
In base 11, what is -2399 - 14?
-2402
In base 9, what is -26471 - 1?
-26472
In base 16, what is -8 + -6a5c?
-6a64
In base 6, what is -11414 - -123?
-11251
In base 13, what is 6147 - -2?
6149
In base 5, what is 3433 + 4430?
13413
In base 8, what is 4513614 + 1?
4513615
In base 4, what is 12 + -3030111130?
-3030111112
In base 13, what is 2 - -3cb340?
3cb342
In base 14, what is 1 + 370d8?
370d9
In base 5, what is -3 + 3040?
3032
In base 3, what is 2200121101 - -20?
2200121121
In base 4, what is 12 - -1110220?
1110232
In base 13, what is 0 + 689?
689
In base 6, what is 3 - -3135144?
3135151
In base 8, what is -11532310 - 5?
-11532315
In base 3, what is 2 + -22020100?
-22020021
In base 5, what is -3 - 1410220?
-1410223
In base 11, what is 31778 - -a?
31787
In base 4, what is -22212 - -1022?
-21130
In base 9, what is 101074 - 23?
101051
In base 10, what is 315108 + 1?
315109
In base 9, what is -35345 + 121?
-35224
In base 15, what is ac + 119?
1c6
In base 2, what is -110101000111 + 11?
-110101000100
In base 2, what is 100011010011 - 110?
100011001101
In base 7, what is 13412 - -504?
14216
In base 16, what is -36853 + 2?
-36851
In base 2, what is -111010011101 + 1110111?
-111000100110
In base 10, what is 1906107 - 2?
1906105
In base 10, what is 4 - -341592?
341596
In base 14, what is 72bc2 - 4?
72bbc
In base 7, what is -2001 - 332?
-2333
In base 12, what is -119a6 + 1?
-119a5
In base 14, what is -1 + 93d2?
93d1
In base 14, what is 0 - 9a47?
-9a47
In base 5, what is -30423 - 131?
-31104
In base 8, what is 451424 + 5?
451431
In base 2, what is -11110010111 - 10001?
-11110101000
In base 2, what is -110110111 + 1011111110110?
1011000111111
In base 16, what is -139 - -b9?
-80
In base 14, what is -14 - 491dc?
-49212
In base 8, what is -30 - 56632?
-56662
In base 11, what is 9021 - 23?
8aa9
In base 13, what is 1 - -94972?
94973
In base 2, what is -100101 - -1000001110011?
1000001001110
In base 15, what is -d + b23?
b15
In base 4, what is 2300 + -2?
2232
In base 7, what is 1124260 - -24?
1124314
In base 6, what is -3 - -1031134?
1031131
In base 7, what is 5614 - 60?
5524
In base 14, what is 1 + 6660?
6661
In base 2, what is 10010100101 - 100110111?
1101101110
In base 3, what is -122 - 20210121?
-20211020
In base 11, what is -20 - -7928?
7908
In base 8, what is -460543 + -4?
-460547
In base 12, what is -13 + 2354?
2341
In base 7, what is 42044564 + -5?
42044556
In base 12, what is 1412 + 991?
21a3
In base 13, what is 35 - -178?
1b0
In base 13, what is -3 + 33c4?
33c1
In base 8, what is 1140 - 20?
1120
In base 8, what is 11507 - 34?
11453
In base 3, what is 2021 - 122020010?
-122010212
In base 6, what is -102440341 - -4?
-102440333
In base 8, what is 0 + 21675?
21675
In base 16, what is a - -2bc?
2c6
In base 11, what is 5 + 1aa62?
1aa67
In base 5, what is -133423 + -2130?
-141103
In base 13, what is 27 + b8?
112
In base 5, what is 1 + -22142001?
-22142000
In base 6, what is -3433 + -112?
-3545
In base 8, what is -7151 + 2727?
-4222
In base 11, what is 3 + -9617?
-9614
In base 5, what is 120 + -22121?
-22001
In base 7, what is 45 + 1522?
1600
In base 5, what is -4 + -1120132?
-1120141
In base 2, what is 111110 - -1001001001110110?
1001001010110100
In base 9, what is 5257 - -401?
5658
In base 2, what is 111101011000110100 - -101?
111101011000111001
In base 2, what is -11000010100100100010100 + 11?
-11000010100100100010001
In base 15, what is -a8 - -221?
168
In base 5, what is -242 + 4010?
3213
In base 6, what is -40 - -353210?
353130
In base 6, what is -455 - -31224?
30325
In base 11, what is -9 + 320a5?
32097
In base 10, what is 1 + -51421?
-51420
In base 3, what is 20221221 - -10?
20222001
In base 13, what is -64c52 - 4?
-64c56
In base 11, what is -2255 + -197?
-2441
In base 15, what is 1 + 8628?
8629
In base 9, what is 207 - 5542?
-5334
In base 3, what is 2002200012 - 1?
2002200011
In base 9, what is -21 - 26887?
-27018
In base 11, what is -66a - -150?
-51a
In base 15, what is 1 + -20d4?
-20d3
In base 16, what is 33 + -122?
-ef
In base 14, what is 3a758 - -5?
3a75d
In base 11, what is 0 - 2207?
-2207
In base 10, what is 13175 - -2?
13177
In base 3, what is 10021120110221 - -11?
10021120111002
In base 11, what is 99533 - -9?
99541
In base 4, what is -11121112 + 3330?
-11111122
In base 10, what is 55617 - -34?
55651
In base 11, what is -49891 - -2?
-4988a
In base 3, what is 1011011120020 - -2?
1011011120022
In base 3, what is 1001120 - -10201?
1012021
In base 3, what is 11210121022 + -10?
11210121012
In base 9, what is -3147 - -57?
-3080
In base 10, what is -4 + -378880?
-378884
In base 9, what is -2 - -20716?
20714
In base 11, what is 14945 + 5?
1494a
In base 12, what is -451 - 57?
-4a8
In base 13, what is b - 42590?
-42582
In base 10, what is 5 - -169443?
169448
In base 8, what is -74456 + 4?
-74452
In base 14, what is 2b + 5b20?
5b4b
In base 3, what is 122010001202 - -11?
122010001220
In base 10, what is -183668 + -4?
-183672
In base 4, what is 302 + 21310?
22212
In base 5, what is 11013 - 133?
10330
In base 4, what is -101232302 + -3?
-101232311
In base 6, what is 5 - -55430035?
55430044
In base 2, what is -10000010 + -100100110000?
-100110110010
In base 6, what is 5 - -311323?
311332
In base 12, what is 6116 - 3?
6113
In base 11, what is 5 + -11a01?
-119a7
In base 13, what is -101b - 8?
-1026
In base 14, what is 1042a - -2?
1042c
In base 2, what is 1000 + -1101000000?
-1100111000
In base 8, what is -2211 - 76?
-2307
In base 11, what is 15a0 + -30?
1570
In base 6, what is -140340 - -12?
-140324
In base 15, what is 5a9 + -10c8?
-a1e
In base 12, what is 16 + -1003?
-ba9
In base 8, what is -164465 + -1?
-164466
In base 6, what is -21021 - 1230?
-22251
In base 10, what is 119 - -71?
190
In base 13, what is -210 - -b18?
908
In base 4, what is 1323 + -113031?
-111102
In base 3, what is -110 + -102220202?
-102221012
In base 13, what is 24 - -9115?
9139
In base 8, what is 4 - -253226?
253232
In base 5, what is -4 + 113120211?
113120202
In base 3, what is 11200211 + -100101?
11100110
In base 5, what is 1100 - 3431?
-2331
In base 4, what is 210200 + 2?
210202
In base 6, what is 30412331 + 3?
30412334
In base 15, what is -11b6 + -ae?
-1275
In base 10, what is -193 - -480?
287
In base 6, what is -4 + 242134?
242130
In base 13, what is -54 - -1a86b?
1a817
In base 8, what is 116564 - -6?
116572
In base 9, what is 282710 - 36?
282663
In base 13, what is -11c39 - -6a?
-11b9c
In base 5, what is -4431434 + -14?
-4432003
In base 11, what is 5a37 - -27?
5a63
In base 9, what is 51688 + 8?
51707
In base 7, what is -112 + 30445?
30333
In base 15, what is -5a861 - -5?
-5a85b
In base 8, what is -46660 - 74?
-46754
In base 7, what is -2 - -13523?
13521
In base 2, what is -1011011011 + 10001100000101?
10000000101010
In base 13, what is 4 - -23105?
23109
In base 14, what is -27 + -6cc?
-715
In base 10, what is -4 + -349774?
-349778
In base 5, what is -214 - 43233?
-44002
In base 16, what is -9 - 274b0?
-274b9
In base 2, what is -10000 + 11010111010?
11010101010
In base 6, what is 10 + -5210420?
-5210410
In base 3, what is -1010200221212 + -2?
-1010200221221
In base 2, what is 1110110010 + -111010110010?
-101100000000
In base 9, what is -63157 - -2?
-63155
In base 12, what is -222a271 + 5?
-222a268
In base 3, what is 11111010 - 20200?
11020110
In base 5, what is 442134 - -132?
442321
In base 11, what is a4a7 + 30?
a527
In base 12, what is -4 + -160b3?
-160b7
In base 2, what is -110000 + -1110001011?
-1110111011
In base 8, what is -366054 - -4?
-366050
In base 13, what is -26471 + 17?
-26457
In base 14, what is -11842 + 5?
-1183b
In base 3, what is 122011021222 - -11?
122011022010
In base 9, what is 4 + 620178?
620183
In base 5, what is -10 - -2221432?
2221422
In base 9, what is -2